in base 10?
-67
Convert 7 (base 12) to base 10.
7
What is 30 (base 10) in base 13?
24
Convert -11 (base 4) to base 14.
-5
What is -3 (base 11) in base 9?
-3
0 (base 15) to base 16
0
3 (base 14) to base 5
3
Convert 1000001 (base 2) to base 14.
49
Convert 22 (base 15) to base 3.
1012
What is 1 (base 5) in base 11?
1
Convert 153 (base 10) to base 12.
109
What is -43 (base 7) in base 9?
-34
What is -dd (base 14) in base 11?
-168
Convert -2 (base 16) to base 6.
-2
What is -6 (base 12) in base 16?
-6
1 (base 8) to base 7
1
25 (base 9) to base 8
27
What is 119 (base 10) in base 14?
87
2a (base 11) to base 4
200
-3b (base 13) to base 4
-302
-1 (base 2) to base 12
-1
-3 (base 13) to base 8
-3
-6 (base 7) to base 16
-6
-8 (base 16) to base 10
-8
What is -1040 (base 6) in base 8?
-360
-11 (base 2) to base 6
-3
Convert -1 (base 8) to base 3.
-1
What is 11 (base 7) in base 12?
8
Convert -6 (base 10) to base 15.
-6
What is -3 (base 9) in base 13?
-3
What is -6 (base 11) in base 14?
-6
-131 (base 8) to base 5
-324
What is -121 (base 3) in base 5?
-31
What is -11011000 (base 2) in base 4?
-3120
What is -3 (base 5) in base 2?
-11
-11 (base 13) to base 10
-14
What is 101 (base 2) in base 3?
12
-17 (base 11) to base 3
-200
Convert -3 (base 11) to base 16.
-3
What is 10 (base 6) in base 2?
110
Convert -13 (base 13) to base 4.
-100
What is -34 (base 13) in base 9?
-47
What is 1002 (base 3) in base 9?
32
-7 (base 13) to base 7
-10
1 (base 5) to base 7
1
51 (base 15) to base 12
64
Convert b9 (base 13) to base 9.
178
What is -5 (base 9) in base 15?
-5
What is -2 (base 4) in base 6?
-2
Convert -121 (base 5) to base 16.
-24
What is 2 (base 9) in base 16?
2
Convert 4d (base 14) to base 7.
126
What is -1011 (base 2) in base 13?
-b
What is 1000000 (base 2) in base 3?
2101
Convert -330 (base 5) to base 16.
-5a
What is 20 (base 4) in base 6?
12
Convert 57 (base 11) to base 4.
332
What is -1111 (base 2) in base 15?
-10
Convert -2 (base 13) to base 3.
-2
Convert 65 (base 11) to base 5.
241
Convert a7 (base 16) to base 3.
20012
78 (base 15) to base 11
a3
What is -7 (base 14) in base 5?
-12
What is 87 (base 9) in base 8?
117
1012 (base 3) to base 9
35
Convert 52 (base 12) to base 11.
57
1 (base 13) to base 9
1
Convert -96 (base 15) to base 13.
-ab
What is 117 (base 15) in base 2?
11110111
1 (base 13) to base 6
1
Convert 5a (base 14) to base 4.
1100
Convert 136 (base 13) to base 11.
185
Convert -11 (base 2) to base 9.
-3
Convert 2 (base 4) to base 5.
2
What is -7 (base 13) in base 14?
-7
What is -10 (base 10) in base 4?
-22
1001 (base 2) to base 10
9
-333 (base 5) to base 13
-72
What is 7 (base 13) in base 6?
11
Convert 4 (base 13) to base 8.
4
What is -4 (base 6) in base 7?
-4
-a (base 16) to base 2
-1010
What is 2 (base 15) in base 8?
2
Convert 12 (base 11) to base 14.
d
Convert -20 (base 6) to base 2.
-1100
Convert 10 (base 11) to base 5.
21
73 (base 8) to base 9
65
What is 227 (base 9) in base 13?
115
-40 (base 11) to base 2
-101100
-81 (base 9) to base 7
-133
Convert -34 (base 6) to base 8.
-26
Convert 15 (base 16) to base 12.
19
Convert -4 (base 6) to base 16.
-4
What is -2b (base 13) in base 3?
-1101
Convert -26 (base 10) to base 8.
-32
What is 118 (base 11) in base 7?
260
2 (base 15) to base 12
2
Convert -1000 (base 2) to base 15.
-8
What is -213 (base 4) in base 10?
-39
8 (base 15) to base 12
8
Convert -25 (base 6) to base 9.
-18
Convert -545 (base 7) to base 2.
-100010110
What is -8 (base 9) in base 10?
-8
-6 (base 12) to base 10
-6
-11 (base 10) to base 15
-b
What is 21 (base 4) in base 16?
9
4 (base 16) to base 10
4
What is 4 (base 12) in base 16?
4
Convert -11 (base 3) to base 9.
-4
What is 0 (base 13) in base 7?
0
-1 (base 11) to base 2
-1
Convert 0 (base 14) to base 10.
0
Convert 511 (base 7) to base 5.
2003
Convert 51 (base 10) to base 5.
201
Convert -7 (base 8) to base 9.
-7
15 (base 12) to base 2
10001
86 (base 9) to base 4
1032
Convert -2 (base 14) to base 3.
-2
What is -1000111 (base 2) in base 13?
-56
Convert -1 (base 5) to base 14.
-1
Convert 101100 (base 2) to base 9.
48
What is 9a (base 12) in base 14?
86
What is 146 (base 9) in base 6?
323
What is 1 (base 13) in base 16?
1
What is 1004 (base 5) in base 16?
81
Convert -b2 (base 12) to base 13.
-a4
Convert 4 (base 9) to base 6.
4
What is 4 (base 13) in base 10?
4
1 (base 7) to base 10
1
Convert -3 (base 9) to base 4.
-3
7 (base 13) to base 9
7
2 (base 7) to base 15
2
Convert 3 (base 16) to base 15.
3
-10101110 (base 2) to base 9
-213
What is 6 (base 12) in base 15?
6
Convert 1 (base 9) to base 4.
1
What is -4 (base 11) in base 15?
-4
What is 2 (base 3) in base 5?
2
Convert 86 (base 16) to base 13.
a4
-6 (base 7) to base 13
-6
1110 (base 2) to base 3
112
What is -1431 (base 5) in base 10?
-241
What is 0 (base 8) in base 11?
0
Convert -102 (base 3) to base 14.
-b
What is -119 (base 16) in base 14?
-161
What is -4 (base 14) in base 6?
-4
Convert -2 (base 16) to base 13.
-2
What is -214 (base 5) in base 9?
-65
What is 2 (base 11) in base 14?
2
Convert -e (base 16) to base 2.
-1110
Convert -c0 (base 15) to base 16.
-b4
What is -6 (base 7) in base 2?
-110
What is -13 (base 5) in base 16?
-8
Convert -11001 (base 2) to base 14.
-1b
What is 112 (base 6) in base 10?
44
Convert 0 (base 16) to base 15.
0
-58 (base 16) to base 9
-107
Convert 1c (base 16) to base 12.
24
-13 (base 7) to base 3
-101
-256 (base 7) to base 13
-a9
202 (base 3) to base 4
110
1111010 (base 2) to base 5
442
85 (base 11) to base 4
1131
What is 5 (base 9) in base 12?
5
Convert e (base 15) to base 13.
11
What is -2 (base 15) in base 7?
-2
What is -10 (base 3) in base 15?
-3
What is 21 (base 11) in base 8?
27
-44 (base 6) to base 16
-1c
What is -102 (base 4) in base 8?
-22
What is 1 (base 11) in base 16?
1
3b (base 13) to base 7
101
What is -5d (base 15) in base 16?
-58
Convert -94 (base 16) to base 8.
-224
Convert -1 (base 15) to base 4.
-1
Convert -6 (base 11) to base 14.
-6
1 (base 4) to base 2
1
What is -35 (base 7) in base 13?
-20
-3 (base 13) to base 7
-3
Convert -1 (base 10) to base 16.
-1
Convert -36 (base 12) to base 6.
-110
-4 (base 5) to base 6
-4
Convert 0 (base 11) to base 8.
0
Convert -51 (base 6) to base 11.
-29
-7 (base 8) to base 11
-7
-34 (base 5) to base 11
-18
20110 (base 3) to base 9
213
32 (base 12) to base 9
42
Convert -133 (base 5) to base 14.
-31
Convert 7 (base 8) to base 4.
13
-122 (base 10) to base 4
-1322
a (base 12) to base 2
1010
What is -4 (base 13) in base 3?
-11
-19 (base 11) to base 3
-202
What is 200 (base 4) in base 7?
44
4 (base 10) to base 13
4
What is 2 (base 14) in base 3?
2
5 (base 6) to base 9
5
What is -2 (base 3) in base 4?
-2
Convert 1010 (base 2) to base 9.
11
Convert 96 (base 13) to base 5.
443
What is 3 (base 13) in base 2?
11
Convert -1 (base 15) to base 9.
-1
Convert 2 (base 9) to base 10.
2
Convert -20 (base 6) to base 10.
-12
-3 (base 6) to base 3
-10
Convert 42 (base 7) to base 9.
33
Convert -2 (base 15) to base 12.
-2
-10 (base 7) to base 11
-7
What is -134 (base 5) in base 11?
-40
-5 (base 7) to base 5
-10
What is 223 (base 4) in base 13?
34
What is 310 (base 6) in base 11?
a4
-12 (base 5) to base 11
-7
Convert -256 (base 7) to base 16.
-8b
-213 (base 4) to base 8
-47
What is 10010000 (base 2) in base 3?
12100
What is 86 (base 12) in base 13?
7b
-100010 (base 2) to base 8
-42
Convert 2 (base 3) to base 4.
2
-11 (base 16) to base 10
-17
What is 110 (base 3) in base 9?
13
What is -24 (base 8) in base 2?
-10100
What is 14 (base 8) in base 3?
110
-1023 (base 5) to base 15
-93
1011 (base 2) to base 15
b
-3 (base 8) to base 9
-3
Convert -3 (base 12) to base 13.
-3
-4 (base 9) to base 4
-10
What is 9 (base 12) in base 2?
1001
Convert 2 (base 3) to base 7.
2
What is -104 (base 7) in base 10?
-53
Convert 0 (base 3) to base 8.
0
What is 0 (base 14) in base 4?
0
What is -3e (base 16) in base 9?
-68
What is -4 (base 13) in base 4?
-10
What is b (base 14) in base 4?
23
32 (base 5) to base 11
16
Convert -100 (base 11) to base 10.
-121
Convert -2a (base 14) to base 9.
-42
What is -3f (base 16) in base 5?
-223
What is 5 (base 10) in base 11?
5
Convert 3 (base 5) to base 16.
3
What is 7 (base 8) in base 5?
12
What is 0 (base 3) in base 8?
0
111 (base 2) to base 11
7
Convert -2 (base 15) to base 4.
-2
What